emainder when 75 is divided by ((-26)/8)/(21/(-84))?
10
Let g(l) = -l**3 + 7*l**2 - 5*l - 5. Let z = 11 - 5. Let w be g(z). What is the remainder when 15 is divided by 10*w/((-5)/(-4))?
7
Let t(c) = -c**2 - 11*c + 2. Suppose 4*l - 2*l - 46 = 0. What is the remainder when l is divided by t(-10)?
11
Suppose 4*a - 5*z = -0*a + 72, 2*z = a - 21. Let q(i) = 5*i - 1 + 2*i**2 + 2 - i**2. What is the remainder when a is divided by q(-6)?
6
Suppose 4*r - 4 = 4*c - 0, 0 = -4*c + 16. Let w(i) = i**3 - 4*i**2 + 5*i - 8. What is the remainder when w(r) is divided by 22?
20
Suppose 2*o = -5*l - 6, 4*o - 12 = -3*l + 5*l. Calculate the remainder when 4 is divided by o.
0
Let d(t) = 5*t**3 + 9*t**2 - 9*t**3 - 9*t + 3*t**3 - 5. Calculate the remainder when d(7) is divided by 11.
8
Let s = -159 - -484. Suppose c = 6*c - s. What is the remainder when c is divided by 17 - (0 + 0/(-2))/1?
14
Let s be -3 + 3 + 2 + 2. Suppose -d - s*d + 37 = 3*z, -2*d - z = -14. Let p = -18 + 36. What is the remainder when p is divided by d?
3
What is the remainder when (-5830)/(-150) + 4/30 is divided by 8?
7
Let n be -2*(5/2 + 2). Let f = n + 17. Suppose -f - 1 = -3*i. What is the remainder when 7 is divided by i?
1
Let y(m) be the first derivative of 3*m**3 + 1. Let b(f) = 9*f - 1. Calculate the remainder when b(3) is divided by y(-1).
8
Let o(p) = 7*p + 13. What is the remainder when o(2) is divided by 7?
6
Let w = 15 + 25. Calculate the remainder when w is divided by 15.
10
Let y be 7 + -2 + -1 + -2. Let d be (-10)/(-5)*y/4. Calculate the remainder when d - 3/(9/(-147)) is divided by 17.
16
Let g(a) = -a**3 - 2*a**2 - a + 1. Let f(q) = q**2 - 3*q + 2. Let z be f(2). Let r be -3 + z*3/(-6). What is the remainder when 24 is divided by g(r)?
11
Suppose 0 = -2*k - 2*b + 6, 0*b = -4*b. Suppose l = 5*m + 6*l - 65, -k*m = 2*l - 41. Calculate the remainder when 58 is divided by m.
13
Suppose -3*x - 4*x = -616. Calculate the remainder when x is divided by 30.
28
Let v = 81 + -58. Let f(j) = j + 3. Let m be f(3). Suppose 0 = -m*x + 2*x + 48. What is the remainder when v is divided by x?
11
Suppose 19*z - 8*z = 385. Calculate the remainder when z is divided by 6.
5
Suppose 2*w - 51 = -w. Suppose 0 = -b + 4*v - 2, -4*b - 4*v + 151 = 59. Suppose 3*s = -0*s + b. Calculate the remainder when w is divided by s.
5
Let v = 328 - 275. Let q = -26 + -18. Let o = -30 - q. Calculate the remainder when v is divided by o.
11
Let l(g) = g**3 + g**2 - 2*g - 3. What is the remainder when 14 is divided by l(2)?
4
Let l(h) = -11*h + 2. Let i be l(4). Let j = 61 + i. Calculate the remainder when (-8)/3*(6 + (-273)/14) is divided by j.
17
Suppose -n = 3*n + 12. Calculate the remainder when 24 is divided by 13 + (n - (0 - 3)).
11
Let l = 135 - 191. Let i = l + 84. Suppose i = h + h. Calculate the remainder when h is divided by 8.
6
Suppose -u + 5 = 1. Suppose u*v = -289 - 3. Let k = 104 + v. What is the remainder when k is divided by 16?
15
Let f = 14 + -5. Suppose -3*h - f = r, -3*r + 0*h + 25 = -4*h. Suppose -r - 37 = -u. Calculate the remainder when u is divided by 14.
12
Suppose 2*g - 5*c = -4, 5*g = -c - 23 + 67. Let z = -4 + g. Suppose -z*n + 16 = 0, -2*n + n = -3*h + 29. Calculate the remainder when 21 is divided by h.
10
Let w(c) = -2*c. Calculate the remainder when 10 is divided by w(-3).
4
Suppose -i = -7 + 4. Let q = 3 + 22. Suppose -6*j = -j - q. Calculate the remainder when j is divided by i.
2
Suppose 9*f = 457 - 151. What is the remainder when 133 is divided by f?
31
Let w(f) = -f + 20. Let j be w(10). Suppose 3*p = -4 + j. Suppose p*u = -u + 24. Calculate the remainder when u is divided by 5.
3
Suppose 6*d = 2*d + 76. Calculate the remainder when 91 is divided by d.
15
Let d(p) = -p**2 + 16*p - 8. Suppose 5*s = 86 - 11. Calculate the remainder when 27 is divided by d(s).
6
Suppose 5 + 10 = -i. Let v be (4*i/6)/1. Let l = v - -38. What is the remainder when l is divided by 15?
13
Let v = 3 + 1. Suppose -5*z + v*z + k + 55 = 0, -180 = -4*z - 4*k. Calculate the remainder when z is divided by 13.
11
Calculate the remainder when (4941/(-54))/(3/(-4)) is divided by 41.
40
Let o(h) = h**2 - 5*h. Let j(n) = -n**2 + 5*n + 1. Let m(w) = -3*j(w) - 4*o(w). Calculate the remainder when 8 is divided by m(2).
2
Let a be (-1)/(-4)*2*58. Suppose 6*r - u - 66 = r, 2*r - 3*u = a. Suppose -q = 3*q - 20. Calculate the remainder when r is divided by q.
3
Let q(z) = z**3 - 13*z**2 + 4*z - 31. What is the remainder when 60 is divided by q(13)?
18
Let u = 55 + -48. What is the remainder when 37 is divided by u?
2
Let s(f) = -f + 11. Let j be s(6). Suppose 5*w + j*i + 6 - 31 = 0, -5*i = -3*w - 1. What is the remainder when 4 is divided by w?
1
Let h be -15 + 2*-1 + 2. Let j = h + 30. Calculate the remainder when 44 is divided by j.
14
Let w = -8 + 13. Suppose 5*l - 28 = l. What is the remainder when l is divided by w?
2
Let d(n) be the first derivative of n**3/3 + 7*n**2/2 + n - 4. Let s be d(-7). Calculate the remainder when (27/4)/(s/4) is divided by 14.
13
Let d = -35 + 52. Let i = 1 + d. What is the remainder when 52 is divided by i?
16
Let y(m) = 16*m**2 + 4*m - 2. Calculate the remainder when y(1) is divided by 3.
0
Let y be 1*-1*(1 - 1). Suppose -6*v - 1 + 73 = y. Calculate the remainder when v is divided by 5.
2
Let k(v) be the second derivative of -v**5/20 - v**4/12 - v**3/6 + 2*v**2 - 2*v. Calculate the remainder when 13 is divided by k(0).
1
Let o(a) = -a**3 + 5*a**2 + 4. Let s be o(6). What is the remainder when (-1)/2 + (265/10 - 3) is divided by ((-18)/(-8))/((-6)/s)?
11
Let u(o) = o**3 + 7*o**2 + 7*o - 2. Let l be u(-5). Let k = -11 + l. What is the remainder when 5 is divided by k?
1
Let u(x) = x**2 - 17*x + 23. What is the remainder when 44 is divided by u(17)?
21
Let q(j) = j**2 - j - 2. Let t be q(0). What is the remainder when -7 - -2 - t - -17 is divided by 5?
4
Let p(c) = c**2 + 3*c + 13. What is the remainder when 36 is divided by p(-3)?
10
Let d(m) = 2*m**2 + 2*m - 6. Calculate the remainder when d(5) is divided by 11.
10
Suppose 3*a - 3 - 3 = 0. Suppose -4 = -a*y + y - 2*z, 3*z - 33 = 3*y. What is the remainder when 9 is divided by 7 + (-1)/((-3)/y)?
4
Suppose -4*y - 12 = -f, 3*f = -2*f - y + 81. What is the remainder when 46 is divided by f?
14
Let f be (-3 - 3)*(-4)/(-3). Let p = f - -18. Calculate the remainder when (2 + 5*-1)*-6 is divided by p.
8
Let i(h) = h**3 - h**2 - 2*h + 2. Let r be i(2). Let p be 1*(r - 4) - -6. Suppose p*l = 2*l + 32. Calculate the remainder when 47 is divided by l.
15
Let k be (2/1)/(24/(-36)). What is the remainder when (-2 - 2)*(k + -1) is divided by 9?
7
Let k = 71 + -43. Let b = 41 - k. Calculate the remainder when b is divided by 4.
1
Let d(k) = -k**2 - 9*k + 1. Let h be d(-10). Calculate the remainder when 14 is divided by h/21 - 76/(-14).
4
Let r(h) = h - 2. Suppose 0 = -a + 2*n - 1, -2*n + 5 = -7*n. Calculate the remainder when r(6) is divided by (-4)/(-3)*a/(-2).
0
Let p = 18 - 0. Suppose -q = -p - 3. Calculate the remainder when (2 - -38) + 0 - -1 is divided by q.
20
Let p = 1 - -4. Let l = -3 + p. Let i(g) = g - 3. Calculate the remainder when i(7) is divided by l.
0
Suppose 0 = -13*r + 14*r - 38. Calculate the remainder when r is divided by 11.
5
Let p(m) = m**2 + 4*m + 5. Suppose -2*w + 2 = 12. Calculate the remainder when p(w) is divided by 3.
1
Let z(o) = -o**2 - 12*o - 9. Let d be z(-11). Suppose 0 = j + 2 - 74. Suppose d*r = -0*r + j. What is the remainder when r is divided by 19?
17
Let v(s) = -12*s. Let m = 3 + -4. What is the remainder when 23 is divided by v(m)?
11
Let g(v) = -3*v + 8. Calculate the remainder when g(-7) is divided by 8.
5
Let u(b) = 2*b - 6. Let h(i) = i**3 + 9*i**2 - i + 3. Let s be h(-9). What is the remainder when u(s) is divided by 7?
4
Let b(i) = 3*i**2. What is the remainder when 33 is divided by b(2)?
9
Let s(a) = a**3 + 3*a**2 - 4*a + 1. Let h be s(-4). Let k = -3 + h. Let f = -1 - k. Calculate the remainder when 2 is divided by f.
0
Calculate the remainder when -2*(46/(-4))/1 is divided by 0 - 72/(-10) - (-12)/15.
7
Let b = -51 - -61. Let c(w) = -2*w**3 - 3*w - 3. Calculate the remainder when c(-2) is divided by b.
9
Suppose -3*q - 4*x = -17, 0 = 3*q + x - 0*x - 29. Calculate the remainder when 25 is divided by q.